?
False
Is 13777 a prime number?
False
Is 33591 composite?
True
Is 114299 prime?
True
Is 72213 prime?
False
Is 24953 a prime number?
True
Is 206699 a prime number?
True
Is 90941 a prime number?
False
Is 110743 a prime number?
False
Is 36589 composite?
True
Is 38111 composite?
True
Is 9897 a composite number?
True
Is 298669 composite?
True
Is 83 composite?
False
Is 2129 a composite number?
False
Is 269617 a composite number?
False
Is 188323 a composite number?
False
Is 4876849 a prime number?
True
Is 1854563 a composite number?
False
Is 36523 composite?
False
Is 1901 composite?
False
Is 1636439 a prime number?
False
Is 510841 composite?
True
Is 425071 composite?
False
Is 26671 a composite number?
True
Is 39289 a prime number?
False
Is 92405 a composite number?
True
Is 47471 composite?
True
Is 11057 prime?
True
Is 850933 prime?
True
Is 10279 a prime number?
False
Is 27043 a prime number?
True
Is 482435 a composite number?
True
Is 49103 composite?
False
Is 2631 a composite number?
True
Is 2941 a prime number?
False
Is 28001 a prime number?
True
Is 22009 prime?
False
Is 4111 a prime number?
True
Is 797 composite?
False
Is 198863 composite?
True
Is 11185 a composite number?
True
Is 1393835 composite?
True
Is 23 prime?
True
Is 50277 prime?
False
Is 9587 composite?
False
Is 3049 a prime number?
True
Is 822581 a prime number?
True
Is 391247 a prime number?
True
Is 1123 a prime number?
True
Is 25537 a prime number?
True
Is 161771 a composite number?
False
Is 82591 a composite number?
False
Is 16921 prime?
True
Is 66835 a prime number?
False
Is 7283 a prime number?
True
Is 210437 composite?
False
Is 25697 prime?
False
Is 834817 composite?
True
Is 8779 a prime number?
True
Is 22609 a composite number?
True
Is 112433 a prime number?
False
Is 16658 a composite number?
True
Is 904987 composite?
False
Is 211 prime?
True
Is 7003 a prime number?
False
Is 12827 a composite number?
True
Is 270527 a prime number?
True
Is 7159 prime?
True
Is 3639 prime?
False
Is 8605 a prime number?
False
Is 81761 prime?
True
Is 3953 a composite number?
True
Is 21685 prime?
False
Is 21767 a prime number?
True
Is 621211 composite?
True
Is 12603 composite?
True
Is 259253 prime?
False
Is 2302 prime?
False
Is 7593 a composite number?
True
Is 43391 a prime number?
True
Is 1649393 composite?
False
Is 1276451 a prime number?
False
Is 13001 a composite number?
False
Is 601529 composite?
True
Is 1658137 a composite number?
True
Is 352862 prime?
False
Is 152753 a composite number?
False
Is 85663 a composite number?
True
Is 11281 a composite number?
True
Is 4419353 a composite number?
False
Is 14969 a composite number?
False
Is 678811 prime?
False
Is 438279 composite?
True
Is 9598 a composite number?
True
Is 19957 a prime number?
False
Is 618595 prime?
False
Is 675391 a prime number?
True
Is 136319 prime?
True
Is 601943 a composite number?
False
Is 15299 a prime number?
True
Is 4727 a composite number?
True
Is 121981 prime?
False
Is 67801 composite?
False
Is 18191 composite?
False
Is 13094 composite?
True
Is 4857 a composite number?
True
Is 224335 composite?
True
Is 80363 a composite number?
False
Is 72809 a prime number?
False
Is 10831 a prime number?
True
Is 17551 composite?
False
Is 2863 a prime number?
False
Is 11957 a prime number?
False
Is 145261 prime?
False
Is 67951 composite?
True
Is 329045 composite?
True
Is 90634 a prime number?
False
Is 257245 composite?
True
Is 4547 a prime number?
True
Is 67223 prime?
False
Is 115831 a prime number?
True
Is 746101 a composite number?
False
Is 3691 prime?
True
Is 33961 prime?
True
Is 1099817 composite?
False
Is 1897 composite?
True
Is 3909 a composite number?
True
Is 84691 prime?
True
Is 30029 a prime number?
True
Is 551339 composite?
False
Is 16781 a composite number?
True
Is 330983 a prime number?
True
Is 545795 prime?
False
Is 97949 composite?
True
Is 2407 a prime number?
False
Is 8147 prime?
True
Is 545243 a prime number?
False
Is 706723 a prime number?
False
Is 40231 prime?
True
Is 12689 prime?
True
Is 517255 composite?
True
Is 53203 prime?
False
Is 335021 a composite number?
False
Is 289907 a composite number?
True
Is 110419 a composite number?
False
Is 138053 prime?
True
Is 27143 a prime number?
True
Is 731501 composite?
False
Is 73153 a composite number?
True
Is 25879 composite?
True
Is 178661 a prime number?
False
Is 16729 a composite number?
False
Is 19777 composite?
False
Is 21355 a composite number?
True
Is 36658 a composite number?
True
Is 282259 a prime number?
False
Is 9895 prime?
False
Is 69097 a composite number?
True
Is 505877 a composite number?
False
Is 24317 a composite number?
False
Is 84401 a prime number?
True
Is 41579 composite?
False
Is 59003 a prime number?
False
Is 5197 prime?
True
Is 63577 prime?
True
Is 12361 a prime number?
False
Is 57413 composite?
False
Is 190049 composite?
True
Is 95339 prime?
True
Is 24437 a composite number?
True
Is 15049 a prime number?
False
Is 895 prime?
False
Is 32831 composite?
False
Is 74653 a composite number?
False
Is 62423 composite?
False
Is 536021 prime?
False
Is 52879 prime?
True
Is 49507 a prime number?
False
Is 22199 prime?
False
Is 143779 prime?
True
Is 27623 a composite number?
True
Is 50983 prime?
False
Is 31643 composite?
False
Is 219423 composite?
True
Is 158737 a prime number?
False
Is 11009 composite?
True
Is 17693 a composite number?
True
Is 65973 prime?
False
Is 2437 a prime number?
True
Is 1003 a prime number?
False
Is 70349 a prime number?
False
Is 1596767 prime?
True
Is 67593 prime?
False
Is 194573 a prime number?
False
Is 192161 a prime number?
True
Is 249 a prime number?
False
Is 10903 composite?
False
Is 27631 a composite number?
False
Is 2263 a composite number?
True
Is 469069 prime?
True
Is 207559 a prime number?
False
Is 14107 prime?
True
Is 1280033 a prime number?
False
Is 73223 a composite number?
True
Is 57779 composite?
True
Is 341423 a prime number?
True
Is 108239 a prime number?
False
Is 6159 prime?
False
Is 49451 a composite number?
False
Is 680263 composite?
False
Is 3899 a composite number?
True
Is 3821 prime?
True
Is 6373 prime?
True
Is 265774 prime?
False
Is 134569 prime?
False
Is 5223907 composite?
True
Is 9107 a composite number?
True
Is 5407 composite?
False
Is 3011027 composite?
False
Is 13523 composite?
False
Is 2459 composite?
False
Is 28639 composite?
True
Is 627773 a composite number?
False
Is 948601 a prime number?
False
Is 719 a composite number?
False
Is 1797277 prime?
True
Is 20095 prime?
False
Is 4109 prime?
False
Is 10799 a prime number?
True
Is 119661 a prime number?
False
Is 13901 composite?
False
Is 124121 composite?
False
Is 54941 prime?
True
Is 190945 a composite number?
True
Is 14351 prime?
False
Is 149629 prime?
True
Is 138157 a composite number?
False
Is 14077 a prime number?
False
Is 57779 composite?
True
Is 1783591 a composite number?
True
Is 16413 composite?
True
Is 206179 a composite number?
False
Is 90353 composite?
False
Is 392871 prime?
False
Is 4421 prime?
True
Is 85109 a composite number?
False
Is 22217 a prime number?
False
Is 296117 a prime number?
True
Is 55043 composite?
True
Is 1190423 a composite number?
True
Is 5923 composite?
False
Is 225257 prime?
True
Is 45001 composite?
True
Is 715529 composite?
True
Is 80593 composite?
True
Is 16183 composite?
False
Is 13085 composite?
True
Is 149 a composite number?
False
Is 47213 composite?
True
Is 24385 a composite number?
True
Is 6007 a composite number?
False
Is 64951 composite?
False
Is 108787 a composite number?
True
Is 13751 a composite number?
False
Is 2063 a composite number?
False
Is 366127 composite?
False
Is 139169 a composite number?
False
Is 887 a composite number?
False
Is 47623 composite?
False
Is 144703 a prime number?
False
Is 29641 composite?
False
Is 78907 a prime number?
False
Is 2459 composite?
False
Is 4577 prime?
False
Is 398037 a prime number?
False
Is 53681 a composite number?
False
Is 40483 prime?
True
Is 1455185 prime?
False
Is 235 a prime number?
False
Is 193253 prime?
False
Is 10589 a prime number?
True
Is 227615 prime?
False
Is 24713 a composite number?
True
Is 578167 composite?
False
Is 253709 a composite number?
True
Is 21211 composite?
False
Is 867431 a prime number?
True
Is 70765 a composite number?
True
Is 3022 composite?
True
Is 5047